4*j = -28937, -33*d + 5*j = -28*d - 48235. What is the thousands digit of d?
9
Suppose 27 = -6*b + 39. Suppose 3*i + 5*p + 24 = 0, 0*i = b*i + p + 9. What is the tens digit of 134*(i/4)/((-36)/24)?
6
Suppose 255 = 4*x + 279. What is the thousands digit of (30/(-1))/(-10)*(-2092)/x?
1
Suppose -6*b + 9*b = -87. Let x = b - -88. Let h = 151 - x. What is the tens digit of h?
9
Suppose 0 = 3*n + 2*n, -2*k - 3*n = -34. Let i = 20 - k. Suppose 0 = i*z - 10 - 41. What is the units digit of z?
7
Suppose 5*a = 201 - 1686. Let k be (-2)/13 - a/(-13). What is the tens digit of (k + 1)*4/(-8)?
1
Let l(o) = -14*o**3 - 5*o**2 + 5*o + 2. Suppose -7*d - 5 - 9 = 0. What is the units digit of l(d)?
4
Suppose 8*w + 91*w - 2608848 = 0. What is the tens digit of w?
5
Suppose -13*j + 20 = -9*j, 0 = 3*r - j - 31. Suppose -9*p + r*p + 3 = 0, -3*o + 5279 = p. What is the units digit of o?
0
Let a be -2 - ((-8575)/21 + 4/(-6)). Suppose 5*z = s + a, -3*z + 249 = -0*z - 3*s. Let q = z + -62. What is the tens digit of q?
1
Suppose -40361 - 74114 = -6*x + 26903. What is the ten thousands digit of x?
2
What is the ten thousands digit of 96/(-528) + 253796/22?
1
What is the units digit of (-1944184)/(-858) - 28/(-546)?
6
Let c(v) = v**2 - 15*v + 204. What is the tens digit of c(35)?
0
Let k(l) = -l**2 - 21*l - 7. Let p be k(-21). What is the tens digit of ((-8)/p)/4 + 3669/21?
7
Suppose 5*a = -5*s + 24182 + 8638, 2*s + 2 = 0. What is the hundreds digit of a?
5
Let x = -43 + 43. Suppose -324 = i + 4*c, x = -2*i + 2*c + 3*c - 713. Let p = -225 - i. What is the hundreds digit of p?
1
Let h(u) = u**3 + 31 + 34 - 8*u - 4*u**2 + 40 - 94. Let d be h(5). What is the units digit of (-4 - 20/(-3))/(d/(-12))?
8
Let q = 168 - 165. Suppose 4*d - 1792 = -q*f, 2*d = 5*d + 15. What is the units digit of f?
4
Let o be 12/(-2) + (-2124)/36. What is the tens digit of (-90685)/o + ((-4)/26 - 0)?
9
Suppose 3*s = 1 + 5, 5*u - 2*s = 1676. Let b be (u/40)/((-1)/(-10)). Suppose 0 = -2*i - 4*g + 186, -2*g - b = -i - g. What is the units digit of i?
7
Let m(c) = c**2 + 13*c + 17. Let l be m(-10). Let j = 22 - l. Suppose -2*o - 3*o + j = 0. What is the units digit of o?
7
Let s = -71 + 119. Let r be (6/2)/(s/208). Let q(f) = 2*f**2 - 8*f + 4. What is the units digit of q(r)?
8
Suppose -3*d - 4*j + 25 = j, 4*j - 20 = -5*d. Suppose 7*o = -d*o + 1743. What is the tens digit of o?
4
Suppose -84*s = -11*s - 3252499 + 701222. What is the ten thousands digit of s?
3
Let l = 8322 - -90. What is the hundreds digit of l?
4
Suppose 4*b - 84 = -0*b. Let m(f) = -2*f**2 - 15*f + 10. Let t be m(-7). Suppose 0 = b*h - t*h - 436. What is the units digit of h?
9
Suppose 4*g + 108 = -0*c - c, -c = 3*g + 110. Let p be -3*3497/234 + 1/(-6). Let n = p - c. What is the units digit of n?
1
Let f be ((-273)/(-84))/((-2)/16). Let c(s) = -s. Let a(g) = 2*g - 38. Let y(t) = -a(t) + 5*c(t). What is the units digit of y(f)?
0
Let o be 1/3 - (-880)/(-3). Let k = 667 + -242. Let b = o + k. What is the hundreds digit of b?
1
Let d = 22 + -16. Suppose -53 = -d*a - 17. What is the tens digit of (5 + 1)*52/a?
5
Let v be 283 - (1/4*0)/2. Let o be 5*(v + -7 + 3). What is the tens digit of (-4)/14 + o/7 + -4?
9
Let f = 19718 - -2343. What is the hundreds digit of f?
0
Let c = 2753 + -1085. Suppose 0 = -8*p + c + 236. What is the hundreds digit of p?
2
Let p(n) = -3*n + 33. Let f be p(8). Let z = -7 + f. Let k = z - -206. What is the units digit of k?
8
Let a be 2 + 4/4 + -1. Suppose 0 = -a*g + 3 + 1. Suppose g*v - 4*t = -9*t + 25, -31 = -2*v + t. What is the units digit of v?
5
Let o(s) = -5*s**2 - 12*s + 15. Let h be o(-3). Suppose -5*z + 4*z = -29. Suppose -z*q + 32*q = h. What is the units digit of q?
2
Suppose -41637 + 5097 = -10*l. Suppose -4*h + 3656 = -4*s, -2*s + l = 4*h - 5*s. What is the units digit of h?
2
Suppose 5*i + 1827 - 1792 = 0, 2*i = 3*o - 42845. What is the hundreds digit of o?
2
Let v be (-21)/(-12) + (-2)/(-8). Suppose 0*g + 1136 = v*g + 4*z, 5*z - 10 = 0. Suppose 3*c + 705 = 5*u - 2*c, c + g = 4*u. What is the units digit of u?
1
Suppose -93*b + 94*b + 3 = 0, -17634 = -4*l - 2*b. Suppose 4*g = 22*g - l. What is the tens digit of g?
4
Suppose -60*k + 55*k = 4*r - 61253, -5*r - 2*k = -76579. What is the units digit of r?
7
Suppose 0 = -5*w + g - 5*g + 1224, -3*g + 732 = 3*w. Let c = w + -199. What is the units digit of c?
9
Let r(p) = 6*p + 188. Let y be r(-31). Suppose y*m + 3*x = -x + 1528, 0 = m + 4*x - 764. What is the units digit of m?
4
Let k(c) = 17*c**2 - 22*c + 41. What is the tens digit of k(16)?
4
Suppose l - 9686 = -5*o + 6954, 5*o + 66710 = 4*l. What is the thousands digit of l?
6
Let v = 21 + -9. Suppose -3*m - 6*u = -24, 2*m + u = -0 - 2. Let i = v + m. What is the units digit of i?
8
Let i = 27 - 22. Suppose -72 = -i*s + 4*s. Suppose -19 = -7*v + s. What is the tens digit of v?
1
Suppose -4*x = -234 - 254. Let q = -203 + x. Let i = 115 + q. What is the units digit of i?
4
Suppose -4*s + v = -12, v - 2 - 10 = -2*s. Suppose 4*o - 522 - 922 = -s*y, 0 = 5*y - o - 1811. What is the hundreds digit of y?
3
Suppose 11*l = 7*l. Suppose k - 1 = -l*k. What is the tens digit of 22 + 0 + k + 2?
2
Suppose 359 = -5*o + l, 3*o + 5*l + 229 = 9*l. Let p = o - -77. What is the units digit of 578/p + 54/81?
7
Let i be (150/45 - 0)*6/5. Suppose 3*a = -f + 4029, -34*f + 5377 = i*a - 31*f. What is the units digit of a?
2
Let c = -3946 + 7749. What is the thousands digit of c?
3
Let v be -4 - (4/12 - (-38)/(-6)). Suppose -839 = -v*w + 5*p, 3*p - 2175 = -0*w - 5*w. What is the hundreds digit of w?
4
Let f(b) = 1328*b - 15376. What is the units digit of f(12)?
0
Let r(o) = -o**2 - o. Let d(w) = 65*w**3 - 2*w**2 - 3*w - 8. Let s(m) = d(m) - 4*r(m). What is the units digit of s(2)?
2
Let h(s) = -45*s**3 - s - 8. Suppose -5*x - 2*q = 18, q + 24 = -4*x - 3*q. What is the tens digit of h(x)?
5
Let g(i) = -i**2 + 6*i + 29. Let l be 7 - (1 + (-1 - 2)). Let u be g(l). Suppose -u*r + 19 = -17. What is the tens digit of r?
1
Suppose 583*c - 418*c - 2560800 = 0. What is the thousands digit of c?
5
Suppose 23*d = -21*d. Suppose -2653 = -3*z + s, d*z - 2*s + 1758 = 2*z. What is the units digit of z?
3
Let j = -9189 - -17281. What is the hundreds digit of j?
0
Suppose 0 = 5*o + 5*u - u - 137168, -o + 4*u + 27424 = 0. What is the thousands digit of o?
7
Suppose -2*m - 123 = -429. Suppose 5*o + 3*b = 673, 4*b = 3*o + m - 551. What is the units digit of o?
4
Let k = -8 - -4. Let h be 7 + (-10)/((-100)/(-1130)) + 2. What is the units digit of (2/k)/(2/h)?
6
Let g(q) = -q**2 + 12*q - 35. Let z be g(7). Suppose 3*s = 4*h - 586, z = -5*h + 2*s + 353 + 383. What is the hundreds digit of h?
1
Suppose -3*y - 33 = -k, 0*k - y = 5*k - 149. Let z = 32 - k. Let x = z - -35. What is the tens digit of x?
3
Let z = 20753 + -4285. What is the thousands digit of z?
6
Let t(o) = o**3 - 19*o**2 + 21*o. Let f = 44 + -26. Let s be t(f). Suppose -5*v + 219 - s = 0. What is the units digit of v?
3
Suppose -2*r - 14 = -5*t, r - 3*r = 2*t. Suppose -752 = -t*q + k + 517, 0 = 5*q - 2*k - 3170. What is the tens digit of q?
3
Suppose 3*h - 14020 = a + 8482, -4*a + 15006 = 2*h. What is the units digit of h?
1
Let r = 118 + -95. Suppose -6*q + r = -115. Suppose -24*t + q*t = -60. What is the tens digit of t?
6
Let a be -9 + (11 - 8 - -2). Let n(d) = -424*d - 55. What is the units digit of n(a)?
1
Let j = 285423 - 201765. What is the hundreds digit of j?
6
Suppose 4*p = -3*k - 47, 0 = -5*p - 3*k - k - 60. Let v(c) = -8*c + 2. Let x(m) = 8*m - 3. Let z(h) = 4*v(h) + 3*x(h). What is the tens digit of z(p)?
6
Let p(m) = -8*m - 75. Let u be p(-10). Suppose 7*h = -3*z + 6*h + 424, 260 = 2*z - u*h. What is the hundreds digit of z?
1
Let q = 0 - -2. Let b(s) = 25 - 60 + 16 + 35*s + 15. What is the tens digit of b(q)?
6
Suppose -248 = 42*g - 7010. Let f = g - -735. What is the units digit of f?
6
Let f(n) = -n**3 + 7*n**2 - 8*n + 15. Let j be f(5). Suppose -j = 5*u, -5*u - 5 = 4*r + 16. What is the units digit of r/(-2) + (1416/16 - -6)?
4
Suppose -15848 = -0*w - 3*w + 10945. What is the tens digit of w?
3
Let n(c) = -25*c**2 + 933*c - 216. What is the tens digit of n(30)?
7
Let c(z) = 837*z + 337. What is the hundreds digit of c(7)?
1
Suppose x = -4*j - 6 - 4, -65 = -4*x + 5*j. 